j**5. What is the hundreds digit of c(8)?
2
Let f = -68 + -13. Let b = -79 - f. Suppose 0 = b*q - 6*q + 872. What is the tens digit of q?
1
Let f(g) be the second derivative of 61*g**4/2 - g**3/6 + g**2/2 + 19*g. Let p be f(1). Suppose -v + 381 = v + 3*m, 2*m + p = 2*v. What is the tens digit of v?
8
Let p = 454 + -414. What is the hundreds digit of (158/4)/(p/160)?
1
Let o(c) = -c**2 + 6*c + 1. Let t be o(4). Suppose -t*d = 12 - 183. Suppose -d*g = -25*g + 1014. What is the hundreds digit of g?
1
Let z = 35337 + -6451. Suppose 0 = 18*g - z + 7250. What is the units digit of g?
2
Suppose 2*d = -2*v - 170, 3*d + 205 + 38 = v. Let x = -91 - d. What is the units digit of (-3)/(x/(-3))*(-2 + -92)?
4
Let i(p) be the third derivative of 19*p**5/60 - p**4/6 - 3*p**2 - 20. What is the hundreds digit of i(3)?
1
Let c(q) = -128 - 137 - 14*q + 229. Let h be ((-10)/(-4))/((-5)/10). What is the units digit of c(h)?
4
Let x(l) = 3*l**2 - 62*l + 425. What is the units digit of x(-38)?
3
Suppose -838*l + 834*l - 3*x = -280719, -l = 3*x - 70173. What is the units digit of l?
2
Suppose -662 + 12 = -13*t. Let l(h) = 21*h - 285. What is the hundreds digit of l(t)?
7
Suppose 2819*c - 2773*c - 261832 = 0. What is the units digit of c?
2
Suppose -23470 = -2*c + 2*g, 5*g - 4649 = -c + 7074. What is the tens digit of c?
3
Suppose -301*s = -304*s + 939. Suppose 2520 = -s*v + 325*v. What is the tens digit of v?
1
Let n(f) = 21*f**2 - 6*f + 11. Let x be n(2). Let g = x - -72. What is the hundreds digit of g?
1
Let i be 3/6 - 23/(-2). Suppose 545 + 695 = 5*y + 5*c, 2*y - 489 = 5*c. Suppose i*n + y = 13*n. What is the tens digit of n?
4
Suppose -238 = 5*f + 2*f. Let s = 19 + f. What is the tens digit of 4/(-2)*(s + -1)?
3
Let u(i) be the third derivative of -i**6/15 - i**5/20 - i**3/2 - i**2 + 34. What is the tens digit of u(-4)?
6
Let l be (-9)/(-4) + 1/(-4). Suppose 94*b = 63*b + 1116. Suppose -3*u + b = -l*u. What is the tens digit of u?
3
Suppose -2*r = -8 - 2, -5*t + 20600 = -5*r. What is the tens digit of t?
2
Let v(z) = 1226*z**2 - 150*z + 1085. What is the thousands digit of v(7)?
0
Let l(k) = 3*k**2 - k + 2. Let h be l(-3). Let d = -30 + h. Suppose 97 = -d*r + 3*r. What is the tens digit of r?
9
Let j(r) = 64*r**2 - r. Let g be j(-1). Let z = g + 162. What is the units digit of z?
7
Let t(k) = 7*k - 12. Let y be t(5). Suppose 3*o = f - 94, o + 3*f = 5 - y. Let n = 64 + o. What is the units digit of n?
4
Suppose 42*g = -10*g - 8*g + 162060. What is the thousands digit of g?
2
Let c(f) = -476*f + 653. What is the units digit of c(-10)?
3
Let g be (166 - 2/2)*(-84)/(-6). Suppose -7*l + 1148 = -g. What is the hundreds digit of l?
4
Let i = -101 - -107. Suppose 0 = -29*m + 31*m - i. Suppose m*p = 2*p + 30. What is the tens digit of p?
3
Let w(d) = d**3 - 49*d**2 + 45*d - 92. What is the hundreds digit of w(54)?
9
Let g be 3 + 3080/(8 - 4). Let v = -285 + g. What is the hundreds digit of v?
4
Let g = -39 - -41. Suppose -3996 = -11*y + g*y. What is the tens digit of y?
4
Suppose 0 = 3*l - 6 - 0. Suppose l*j - 208 = -0*j. Let w = j + -57. What is the units digit of w?
7
Let a = -45 - -50. Suppose 0 = a*y - 8*y + 36. What is the units digit of 1046/(-12)*-2 - (-8)/y?
5
Suppose 1902 = 18*z - 21*z. What is the units digit of (z + 4)/(-5) - -4?
0
Let s = 105 + -103. Suppose -4*k = -0*k - i + 339, s*i = k + 90. What is the tens digit of (-130)/4*k/30?
9
Let b be (-37)/37 - 2974/(-1 - 1). Let r = b - 534. What is the units digit of r?
2
Let a(i) = -175*i**3 - i**2 - 15*i - 21. What is the thousands digit of a(-3)?
4
Let y be 143/5 - ((-16)/(-20))/(-2). Suppose y*i + 3*s + 472 = 30*i, 12 = -3*s. What is the hundreds digit of i?
4
Let d(t) = -69*t + 1. Suppose 5*h = 4*p - 2, -5*p = -2*h - 3*h - 5. Suppose a - 6 = -3*u - 2*a, -7 = u - h*a. What is the tens digit of d(u)?
7
Suppose 108*z - 19671 = -5*s + 106*z, 6 = -3*z. What is the units digit of s?
5
Let f be (-16)/(-40) + 4/(-10). Let c = -223 - -499. Suppose -t + 337 = 3*g, 2*g + 4*t + 68 - c = f. What is the units digit of g?
4
Suppose -51*q + 75*q = -18*q + 1682184. What is the units digit of q?
2
Let h(c) = 3*c - 53*c - 23*c + 61. What is the hundreds digit of h(-7)?
5
Suppose -21*d + 57 = -6. Suppose -2*u = -3*y + 2*u + 5404, d*u = -y + 1784. What is the tens digit of y?
9
Let m(j) = 2*j + 29. Let g be m(0). Suppose 4*x - 24 = -3*t, 2*x - x - g = 5*t. Suppose -2*r = 5*u - 168, -x*u = r - 4*u - 79. What is the tens digit of r?
8
Let q(n) = 15*n**2 - 42*n - 516. What is the tens digit of q(30)?
2
Let h(c) = -117*c**2 + 5*c + 6. Let t be h(-2). What is the tens digit of (-105)/14*t/10?
5
Suppose -149 - 97 = -3*h. Suppose -2*d + 254 + h = 0. What is the units digit of d?
8
Let f(t) = t**2 + 6*t - 3. Suppose 0 = 6*i - 5*i + 33. Let y = i + 22. What is the units digit of f(y)?
2
Suppose 92 = 10*m + 52. Suppose -m*y = -y - 162. What is the units digit of y?
4
Suppose 5676 = 4*k - 4*l, 3*l = 5*k - l - 7095. What is the thousands digit of k?
1
Let g = -6077 + 15301. What is the units digit of g?
4
Suppose 231*j - 236*j = -4175. What is the tens digit of j?
3
Let u be 5 - (-65)/(-10) - 57/(-6). Suppose 8 = -4*h + 36. Suppose h*g + u = 9*g. What is the units digit of g?
4
Suppose -w - 156 + 32 = 0. Let l = 711 - 501. Let s = l + w. What is the tens digit of s?
8
Let x(g) = -g**3 + 59*g**2 - 175*g + 95. What is the units digit of x(55)?
0
What is the tens digit of -12 + 9171*8/3?
4
Let p(y) = 3*y**2 - 2*y + 20. Let q be p(18). Let n = q - -215. What is the units digit of n?
1
Let c(d) = -31*d + 236. Let l be c(7). Suppose 31*f - l*f - 18120 = 0. What is the thousands digit of f?
1
What is the tens digit of 3/((-231600)/17816 - -13)?
8
Let r = -49 + 52. Suppose -r*i - 112 = -7*i. What is the units digit of 10/12*-4*(-42)/i?
5
Let l = 4 - 7. Let b = 5 + l. Suppose -4*f = 5*y - 565, -203 = -b*y - 0*y + 3*f. What is the tens digit of y?
0
Let c(p) = 17181*p + 40. What is the units digit of c(1)?
1
Let x(n) = n**3 - 3*n**2 - 9*n + 5. Let l be x(5). Suppose l*y - 8 = 1142. Let r = 236 - y. What is the units digit of r?
1
Let h = -382 - -711. Suppose 7*p - 4*p + 4*m = 1008, p - m = h. What is the units digit of p?
2
Suppose 5*m = 2*t + 2*t + 29, 18 = 4*m + 2*t. Suppose 2*q = -f + 134, -2*f + m*q + 350 = 37. What is the hundreds digit of (10/30)/(4/18)*f?
2
Suppose 0 = 2*f + 2*b, 2*f - 19 = 2*b - 7. Suppose -2*h + 2216 = 3*k, -f*k + 5*k - 1480 = -4*h. Suppose 8*n = 2*n + k. What is the hundreds digit of n?
1
Let n = -35 + 43. Suppose 4 = -y - n. What is the units digit of 30/36 - 2/y?
1
Suppose -j = -2*x + 2, 2*j + 46*x = 43*x + 24. What is the units digit of (29/j)/((-5)/(-30))?
9
Let x be (-76)/(-4) - -5 - -2. Let j(i) = 2*i**2 - 48*i - 49. What is the units digit of j(x)?
5
What is the tens digit of 45122 - (-7 + 11 + -20)?
3
Suppose -1942001 = -35*j - 488837 + 1279811. What is the thousands digit of j?
8
Suppose 0*w = -2*b - w + 4, 5*w = 3*b + 20. What is the units digit of (b + -1)/(16/(-2288))?
3
Let u = 37 + -88. Let y = 54 + u. Suppose -2*c - y*c = -5*m + 610, -5*m - 2*c + 603 = 0. What is the tens digit of m?
2
Let b = 2740 + -2642. Suppose -3*f - 2*t = -9, f + 1 = 3*t - 7. Suppose l - f = 0, -3*m + 161 + b = l. What is the tens digit of m?
8
Suppose 7*a + 53184 = 144240. What is the thousands digit of a?
3
Suppose 0 = 10*q - 1004 + 74. Let f be -10*3/(-18)*3. Suppose -j = -3*g - 78, -f*g + 8 + q = 2*j. What is the units digit of j?
3
Suppose 2*s + 2*s + 4 = 0. Let d be s + 246/(-4) - (-7)/(-14). Let n = d + 131. What is the units digit of n?
8
Let p(b) be the first derivative of 47*b**2/2 - 20*b - 39. What is the units digit of p(4)?
8
Let u = -2231 - -3848. Suppose -3*o = n - u, -6*n + 2702 = 5*o - 2*n. What is the tens digit of o?
3
Let c = -3177 - -36488. What is the units digit of c?
1
Let o = 4542 - -8533. What is the units digit of o?
5
Suppose 17*s - 158909 = 98165. What is the thousands digit of s?
5
Suppose 90*n = -58*n + 52*n + 1477632. What is the units digit of n?
2
Let p = -242 + 480. Suppose 0 = -s - 3*d + p, -d - 476 = -2*s - 0*d. Suppose 482 = 6*t - s. What is the hundreds digit of t?
1
Let h(l) = 34*l - 117 + 40 + 38 + 41. What is the tens digit of h(7)?
4
Let o = -39 - -35. Let k(y) = y + 35. Let v be k(o). Sup